*j**2 + 2100*j - 2092. Give q(349).
2
Let u(b) = 11134*b + 189401. What is u(-17)?
123
Let h(b) = -b**3 - 10*b**2 + 1187*b + 10782. Calculate h(-9).
18
Let c(r) = 2*r**2 + 202*r - 602. Determine c(3).
22
Let s(z) = 55*z**2 - 706*z + 530. What is s(12)?
-22
Let h(j) = -3*j**2 + 4039*j + 94409. Calculate h(-23).
-75
Let g(r) = 4868*r + 452889. Give g(-93).
165
Let h(p) = -8*p**2 + 898*p - 6090. Determine h(105).
0
Let h(k) = -8*k**2 - 298*k - 536. What is h(-2)?
28
Let f(j) = -82111*j - 1149573. What is f(-14)?
-19
Let i(s) = 22*s - 513. Give i(-15).
-843
Let w(x) = -119*x**2 - 345*x - 166. What is w(-2)?
48
Let r(d) = -d**2 + 1147*d + 37819. Determine r(-32).
91
Let a(n) = 930*n**2 + 12086*n - 64. Give a(-13).
-12
Let x(s) = s**3 + 88*s**2 - 2393*s + 2969. Give x(-110).
-1
Let f(z) = -9*z**2 + 204*z - 30. Give f(-6).
-1578
Let h(v) = v**3 - 97*v - 48. Determine h(-16).
-2592
Let d(u) = 118396*u - 20245719. Determine d(171).
-3
Let k(i) = 2938*i + 32346. Determine k(-11).
28
Let q(l) = -35*l**3 + 30*l**2 + 41*l - 1. Calculate q(-1).
23
Let f(p) = 18943*p - 7974917. Calculate f(421).
86
Let l(b) = -355*b**2 + 1061*b - 9. Calculate l(3).
-21
Let g(c) = -c**3 - 24*c**2 + 10256*c + 367. What is g(90)?
7
Let h(c) = -3*c**3 + 129*c**2 - 255*c + 312. What is h(41)?
-57
Let f(v) = -10*v**3 - 166*v**2 - 145*v - 781. What is f(-16)?
3
Let l(o) = 14*o**2 + 676*o + 7043. Determine l(-33).
-19
Let f(l) = 37*l**2 - 19*l - 9. Determine f(-1).
47
Let p(j) = 2672*j + 251132. Determine p(-94).
-36
Let w(j) = 33244*j + 465425. Calculate w(-14).
9
Let v(s) = -5*s**3 + 75*s**2 + 373*s + 28. What is v(-5)?
663
Let j(d) = 89*d**2 + 2043*d - 63. Determine j(-23).
29
Let i(c) = -371*c + 1369. Give i(3).
256
Let o(h) = -10*h**2 + 61*h + 2473. What is o(-13)?
-10
Let j(x) = x**3 + 6090*x**2 - 109946*x + 17. What is j(18)?
-19
Let c(d) = 2100*d + 2108. Calculate c(-1).
8
Let q(a) = a**3 - 35*a**2 - 960*a + 46. Give q(53).
-272
Let l(t) = t**3 + 14*t**2 - t - 12. Give l(-6).
282
Let i(h) = 89*h + 3081. Give i(-38).
-301
Let r(y) = -813730*y + 4882373. Calculate r(6).
-7
Let g(w) = -w**3 - 62*w**2 - 924*w + 26. Give g(-37).
-11
Let j(f) = f**3 - 85*f**2 - 2906*f - 528. Determine j(-26).
-8
Let g(r) = 54*r**3 - 4*r**2 + 87*r - 170. Determine g(2).
420
Let i(k) = 41*k**3 + 121*k**2 - 12*k - 26. Determine i(-3).
-8
Let o(b) = b**2 + 85*b - 5364. Give o(-124).
-528
Let y(s) = -s**3 + 890*s**2 + 6261*s - 132. Calculate y(-7).
-6
Let x(j) = 7*j**2 + 1418*j - 811. What is x(-203)?
-202
Let d(o) = -o**2 - 37978*o - 948733. What is d(-25)?
92
Let s(q) = -127*q + 11102. What is s(74)?
1704
Let j(x) = -9*x**2 - 150*x - 661. Determine j(-7).
-52
Let v(f) = -f**3 - 923*f**2 - 210024*f - 6179. Determine v(-516).
13
Let u(s) = -s**3 + 202*s**2 - 2296*s + 50. Calculate u(12).
-142
Let i(c) = -4*c - 566. Calculate i(-29).
-450
Let y(t) = -t**3 + 1693*t**2 + 8472*t - 90. Determine y(-5).
0
Let b(v) = v**3 + 547*v**2 - 1629*v + 316816. Calculate b(-551).
-9
Let d(y) = -26622*y - 2049885. Determine d(-77).
9
Let x(c) = -8251*c - 849508. Determine x(-103).
345
Let f(y) = -6*y**3 - 30*y**2 + 628*y - 38. Calculate f(-13).
-90
Let v(c) = 2537*c - 91288. Calculate v(36).
44
Let i(t) = 658*t + 3382. Give i(-4).
750
Let z(s) = 2*s**2 + 79*s - 3519. What is z(-66)?
-21
Let f(h) = -4*h**3 + 123*h**2 - 97*h + 212. What is f(30)?
2
Let c(j) = 340*j**2 - 10535*j - 124. What is c(31)?
31
Let n(c) = -3607*c - 57672. Give n(-16).
40
Let z(v) = -6*v**2 + 865*v - 12947. Calculate z(17).
24
Let l(u) = 3129*u - 807. What is l(0)?
-807
Let b(i) = -i**3 - 37*i**2 - 687*i - 6243. Give b(-18).
-33
Let a(c) = c**3 + 270*c**2 - 353*c - 95278. Determine a(-270).
32
Let m(d) = -2*d**3 - 998*d**2 + 13298*d + 1. Calculate m(13).
-181
Let m(n) = -16*n**2 + 350*n - 872. What is m(21)?
-578
Let v(z) = -1343*z - 20199. Calculate v(-15).
-54
Let r(g) = -22762*g - 10470509. Calculate r(-460).
11
Let s(y) = -16*y**2 - 2448*y - 11927. Give s(-5).
-87
Let k(l) = -550*l**2 + 12646*l + 237. Calculate k(23).
145
Let y(x) = -4*x**2 + 1943*x + 35690. What is y(-18)?
-580
Let x(v) = v**3 - 57*v**2 - 275*v + 1829. Give x(61).
-62
Let w(h) = -h**3 + 58*h**2 - 835*h + 16. Calculate w(25).
-234
Let t(o) = 4461*o - 22278. Give t(5).
27
Let c(x) = 57960*x - 985322. Calculate c(17).
-2
Let a(u) = 3*u**2 + 69*u - 700. Determine a(-31).
44
Let q(h) = 3318*h + 83348. What is q(-26)?
-2920
Let v(k) = 6*k**2 - 2231*k - 83088. Calculate v(406).
142
Let c(j) = -j**3 - 18*j**2 + 100*j + 1909. Give c(-15).
-266
Let r(o) = -o**3 - 65*o**2 - 896*o + 33. What is r(-45)?
-147
Let v(c) = -113*c - 2788. Give v(-19).
-641
Let q(t) = 4*t**2 - 299*t - 829. Determine q(78).
185
Let v(t) = 26*t**2 - 1812*t - 7217. Calculate v(-4).
447
Let u(b) = -76*b + 14393. Determine u(187).
181
Let v(j) = 1046*j + 148568. Calculate v(-142).
36
Let u(l) = 18*l**2 - 865*l + 1291. Determine u(48).
1243
Let s(m) = -959757*m + 18235382. What is s(19)?
-1
Let f(h) = -183*h + 294445. Determine f(1609).
-2
Let g(z) = -z**3 + 45*z**2 + 199*z - 65. Calculate g(49).
82
Let m(i) = 61*i + 4543. Give m(-77).
-154
Let n(v) = -1299459*v - 5197790. Give n(-4).
46
Let l(z) = 2*z**2 - 130*z + 437. Determine l(69).
989
Let s(m) = 77692*m - 77696. Calculate s(1).
-4
Let v(y) = 7*y**2 - 1312*y + 50992. Give v(55).
7
Let x(z) = -46*z**2 - 712*z + 39. Determine x(-16).
-345
Let c(u) = 918*u - 29374. What is c(32)?
2
Let k(x) = -14*x**3 + 119*x**2 - 227*x - 17. Give k(2).
-107
Let l(y) = 3*y**3 + 37*y**2 - 88*y - 97. Determine l(-14).
155
Let t(h) = 632*h**2 + 149*h - 291. Determine t(2).
2535
Let b(h) = 14734*h - 4140223. What is b(281)?
31
Let w(j) = 2*j**3 - 86*j**2 - 725*j - 107. What is w(-9)?
-2006
Let l(k) = 82662*k + 413302. Calculate l(-5).
-8
Let h(r) = -3433*r - 528684. Give h(-154).
-2
Let u(b) = 2*b**3 - 19*b**2 + 1621*b - 14465. Calculate u(9).
43
Let g(s) = s**3 - s**2 - 606*s + 1209. Determine g(2).
1
Let l(z) = z**3 - 15*z**2 - 848*z + 2128. Give l(-24).
16
Let k(u) = -6*u**2 - 169*u - 7. Give k(-20).
973
Let p(z) = z**3 - 12*z**2 - 2745*z + 38162. What is p(14)?
124
Let u(m) = -5*m**3 + 183*m**2 - 106*m - 176. Give u(36).
-104
Let h(k) = 9021*k - 10256. Determine h(1).
-1235
Let c(l) = l**3 + 19*l**2 + 6191*l + 18421. Determine c(-3).
-8
Let d(f) = -f**3 + 523*f**2 + 1034*f + 8409. What is d(525)?
9
Let b(r) = -6954*r - 152553. Calculate b(-22).
435
Let t(g) = 41*g**2 - 103007*g - 581657. Determine t(2518).
1
Let d(b) = -3*b**3 - 923*b**2 + 357*b + 15094. What is d(-308)?
2
Let d(n) = -n**3 - 53*n**2 + 270*n - 354. Determine d(-57).
-2748
Let a(r) = -545*r - 5822. Give a(-11).
173
Let t(a) = 8*a**3 - 52*a**2 - 21*a - 89. What is t(7)?
-40
Let f(q) = 2*q**3 - 156*q**2 + 147*q + 601. What is f(77)?
62
Let f(d) = -d**3 - 15*d**2 - 494*d - 2237. What is f(-5)?
-17
Let x(n) = -16*n + 4195. Give x(278).
-253
Let v(t) = 10287*t + 13722857. Determine v(-1334).
-1
Let l(h) = h**3 - 70*h**2 - 489*h + 29676. What is l(71)?
-2
Let s(m) = 5*m**3 + 10*m**2 - 416*m + 1404. Calculate s(4).
220
Let o(u) = -2419806*u - 12099024. Determine o(-5).
6
Let b(l) = 1794*l + 471889. Determine b(-263).
67
Let y(i) = i**3 + 18*i**2 + 42*i + 12. Calculate y(-7).
257
Let t(p) = -4*p**2 + 117*p - 774. Give t(19).
5
Let c(u) = u**3 - 25*u**2 - 36*u + 137. What is c(26)?
-123
Let i(z) = -31*z**3 + 313*z**2 + 11*z - 22. Calculate i(10).
388
Let v(s) = s**3 - 10*s**2 - 91*s + 1146. Calculate v(18).
2100
Let g(n) = 11*n**3 + 476*n**2 - 63*n - 8292. Determine g(-43).
-36
Let k(m) = -m**2 - 265*m + 27557. Calculate k(-345).
-43
Let r(g) = 16*g**2 - 481*g + 33. Determine r(29).
-460
Let y(s) = -316*s - 27509. Determine y(-87).
-17
Let o(w) = 7*w**2 - 26*w - 411. Determine o(-15).
1554
Let d(p) = 3*p**2 - 2010*p - 43519. Give d(-21).
14
Let m(r) = r**2 - 34007*r + 1392590. Give m(41).
-16
Let b(z) = 4*z**2 - 107*z + 494. Determine b(6).
-4
Let l(k) = -k**2 + 112*k - 1250. Give l(100).
-50
Let b(a) = 2413*a - 17650. Determine b(8).
1654
Let q(c) = -5*c**2 + 539*c + 9917. Determine q(124).
-127
Let v(k) = 3*k**3 + 195*k**2 - 237*k - 2592. Calculate v(-66).
-18
Let j(h) = h**3 + 26*h**2 - 609*h + 14295. What is j(-46)?
-11
Let o(n) = 230*n**2 + 6751*n + 2356. What is o(-29)?
7
Let l(f) = -f**2 + 115*f + 877. Give l(-8).
